Let d be (-12)/(-15) + j/(-20). What is the highest common factor of d and 60?
12
Suppose -4 = 2*h + 3*m + m, 0 = -4*m + 4. Let a(c) = -11*c + 4. Let n be a(h). Calculate the highest common divisor of n and 12.
12
Let t = 17 + -8. Suppose -b - 5*c - 8 = -3*b, 28 = -4*b - c. Let u be ((-4)/b)/(2/3). Calculate the greatest common factor of t and u.
1
Suppose 0 = 5*y + 5*q - 45, 0 = -3*q - 7 + 19. Suppose 3 = -3*m + 33. Calculate the greatest common divisor of y and m.
5
Let j be 44/2 + 8 + -10. Calculate the greatest common divisor of 20 and j.
20
Let n be -1*2/(-4)*2. Suppose 1 = 2*b - n. What is the highest common factor of 1 and b?
1
Let o(i) = 15*i - 16. Let s be o(2). What is the highest common factor of 21 and s?
7
Let n be -3*(-5)/(-15) + 78. What is the highest common divisor of n and 7?
7
Let n(v) = -5*v**3 + 8*v**2 + 4*v**3 - 18*v + 24*v + 0*v**3. Let g be n(6). What is the greatest common divisor of 27 and g?
27
Let r(m) = m**2 - 4*m. Let f be r(4). Suppose f*d = 3*d - 30. What is the greatest common factor of d and 50?
10
Suppose 0 = 3*h - 4*k - 178, 0 = 2*h + k - 51 - 86. What is the greatest common divisor of 22 and h?
22
Suppose j - 2*h = 1 + 13, -3*h = j - 39. Suppose -u - j = -3*u. Let t be -3 - -5 - (2 + -84). What is the greatest common factor of t and u?
12
Suppose 3*n + 12 = -6. Let v be 5 + -3 + n/(-1). What is the highest common factor of v and 2?
2
Let n(t) be the third derivative of t**5/60 + t**4/12 + t**3/3 + 2*t**2. Let h be n(-5). Calculate the highest common factor of 85 and h.
17
Let w = 43 + 1. Calculate the highest common divisor of 4 and w.
4
Let r = 20 + -2. Suppose 2*t = 3*t - 54. Calculate the highest common factor of t and r.
18
Let a = -50 - -34. Let i = 23 + a. Calculate the highest common factor of i and 35.
7
Suppose 2*b = -2*b + 24. Let o be (8/b)/(1/(-3)). Let c = o + 10. What is the highest common divisor of c and 54?
6
Let s be 41 + -5 + -1 + 4. Suppose 0*q - q + 13 = 0. What is the highest common divisor of s and q?
13
Let d(x) = 2*x**2 - 3. Let v be d(-2). Calculate the greatest common factor of v and 15.
5
Let w(k) = 5*k**3 + 1. Let h be w(1). Let f(j) = 47*j**2 + j. Let n be (-10)/(-4)*(-4)/(-10). Let v be f(n). What is the highest common factor of h and v?
6
Suppose -2*u + 3*v = -0*u - 71, 107 = 3*u - 5*v. What is the highest common divisor of u and 119?
17
Suppose 12 = h - 3*c, -4 + 5 = 3*h - 2*c. Let n be (2/h)/((-6)/135). What is the highest common divisor of 10 and n?
5
Let f(u) = u**3 + u**2. Let v be f(2). Calculate the highest common factor of 84 and v.
12
Suppose -7*c - 101 = -339. Let q be ((-51)/6 - 0)*-2. Calculate the highest common factor of q and c.
17
Suppose d - h = 15, -2*d - 5*h + 26 + 39 = 0. Calculate the greatest common factor of d and 50.
10
Let n(z) = -z**3 + 6*z**2 + z - 8. Let y be n(6). Let r be -9 + 5 + y + 2. Let h be ((-2)/r)/(6/132). Calculate the highest common divisor of 33 and h.
11
Suppose 2*z = 19 + 13. Calculate the greatest common factor of z and 24.
8
Suppose j + 3*r + 2*r = 24, -5*r - 4 = -j. Let z be 1*(j - (1 - 0)). What is the highest common divisor of 130 and z?
13
Let u(s) = 5*s + 3. Let h(n) = n**2 - 8*n - 6. Let l be h(9). Let a be u(l). Calculate the highest common factor of a and 18.
18
Let z(x) = x**3 + 2*x - 3. Let s be z(5). What is the highest common factor of s and 12?
12
Let k be (1/(-3))/((-2)/12). Suppose -8 = -5*h + 3*h. Suppose k*f = 4*b - 278, 3*b + h*f + 99 = 313. What is the highest common divisor of b and 10?
10
Suppose 78 + 114 = 6*o. What is the greatest common divisor of 16 and o?
16
Let h = 2 - 2. Suppose h*d - 3*d = -3. Let c = 15 - d. What is the highest common divisor of 42 and c?
14
Suppose 9*h - 15*h + 210 = 0. Calculate the greatest common factor of h and 7.
7
Suppose 7*s - 2*s = -5*n + 40, -3*s + n = -28. Let j = 17 + 19. What is the greatest common factor of s and j?
9
Let a = -9 + 11. Let w be -3 + 42*1/a. Calculate the greatest common factor of 90 and w.
18
Let k(x) = 2*x + 18. Let s be k(6). What is the highest common divisor of s and 18?
6
Suppose -5*o + 23 = -4*b, o + 2*b - 1 + 2 = 0. Suppose 4*k = z - 26, -4*z + o*k + 172 = 4*k. Calculate the highest common factor of z and 14.
14
Let k be (24/(-15))/((-1)/50). Suppose -4*y = -3*f + 130, 3*y - f = -3*f - 106. Let n = -24 - y. What is the highest common divisor of n and k?
10
Suppose -2*j = -q - 14, j - 5*q - 1 = -3*q. Suppose -3*h + 3 + j = 0, -c + 44 = 2*h. Calculate the greatest common divisor of 9 and c.
9
Let h(k) = -16*k. Let s be h(-1). Let o(a) = -6*a + 28. Let v be o(-14). Calculate the greatest common divisor of v and s.
16
Let l = -7 + 12. Suppose c = l*u + 90, 268 = 4*c + u + 2*u. What is the greatest common factor of 10 and c?
10
Let k be -42 + 1*(-1 + 0). Let t = -29 - k. Calculate the highest common factor of t and 112.
14
Let r = -4 - -9. Suppose r*h = -5*s + 40, -5*h = -s + 2*s - 28. Calculate the greatest common divisor of 1 and h.
1
Suppose 2*k - 24 = -v + 7, k + 2 = -4*v. Let j be ((-2)/(-5))/(2/10). What is the greatest common divisor of j and k?
2
Let p(a) = -2*a**3 + a**2 - 4*a - 3. Let n = -7 - -5. Let y be p(n). Calculate the greatest common divisor of 5 and y.
5
Let q be (25/(8 - 3))/((-1)/(-3)). Calculate the highest common factor of q and 75.
15
Let u = 18 - -32. What is the highest common factor of 20 and u?
10
Let q(s) = -s + 11. Suppose -2*t = 3*t. Let v be q(t). Let o = -2 + 13. Calculate the highest common divisor of o and v.
11
Suppose -10*d = -6*d - 68. Let u = -36 - -70. What is the highest common factor of u and d?
17
Let d be (-9)/2*-6*2/3. Let t(g) = g**2 - g + 1. Let k be t(2). Calculate the highest common factor of k and d.
3
Let h(v) = 5*v**3 - 19*v**2 - 5*v + 6. Let t be h(4). Let j be (0 - -6)*-5 + -1. Let y = -21 - j. What is the highest common divisor of y and t?
2
Let o(i) = i**2 + i - 6. Let g be o(-6). What is the greatest common divisor of 8 and g?
8
Let p(f) = 20*f - 4. Let d = 39 - 24. Suppose 0*n = -5*n + d. Let z be p(n). Calculate the greatest common divisor of z and 14.
14
Let p(n) = -2*n - 1. Let w be p(-3). Suppose w*j - 3*y - 13 = 0, -5*j + 4*y = -2 - 12. Suppose j*f - 4 = 2. Calculate the highest common divisor of 1 and f.
1
Suppose 88 = 4*t + 4*z, 2*t - 8*z - 41 = -7*z. Let u(q) = q**3 - 5*q**2 + 6*q - 9. Let x be u(6). What is the highest common divisor of x and t?
21
Let r be 81/(-18)*-2*3. Calculate the greatest common divisor of r and 108.
27
Let s = 23 + -1. What is the greatest common divisor of 11 and s?
11
Let y be (-8 - -2)/(-18) + (-130)/(-6). What is the greatest common factor of y and 44?
22
Let d = -156 - -237. What is the greatest common divisor of d and 27?
27
Suppose -19 = -4*f + 1. Suppose t + f*s = 72, -2*s = -3*t + 299 - 83. Suppose -4*c = -8*c + t. Calculate the highest common divisor of c and 45.
9
Let y be 4*6/(-9)*-6. Let p = 1 + 23. Calculate the highest common divisor of p and y.
8
Suppose 630 = 7*j - 2*j. Let o(k) = 15*k**2 - 1. Let l be o(-1). What is the highest common divisor of j and l?
14
Let t = -3 - -7. Suppose -4*s - 18 = -2*u + t*u, -3*u - 22 = 5*s. Let f = u - -4. What is the greatest common divisor of 1 and f?
1
Suppose 20 = 5*c, -4*j + 14 = -3*j + 3*c. Calculate the greatest common factor of 10 and j.
2
Let m be 4 + (2 + -2 - -1). Let y(p) = 2*p**2 - 9*p - 11. Let h be y(8). Calculate the greatest common divisor of m and h.
5
Let v = 83 + -64. Calculate the highest common divisor of 209 and v.
19
Let q be (0 - -1)*(-38 + -4). Let c = 60 + q. What is the highest common divisor of 27 and c?
9
Let q be ((-4)/6)/((-26)/429). What is the highest common factor of 44 and q?
11
Suppose 0 = -2*q + 6. Suppose q*l = h - 30 - 59, 0 = -3*h + 3*l + 243. What is the highest common factor of h and 7?
7
Suppose 0 = -0*j - 5*j + 280. Let u be (2 - 3/2)*-24. Let y = -4 - u. What is the greatest common divisor of y and j?
8
Let z be 4/(-3)*330/(-4). Let t be 11 - (4 - 3/1). What is the greatest common factor of t and z?
10
Suppose -4*f - 24 = -0. Let l be (28/f)/(2/(-9)). Let q be 10/3 + (-5 - 56/(-12)). Calculate the greatest common factor of q and l.
3
Let t(v) = 12*v + 6. Let a be t(7). What is the greatest common divisor of 15 and a?
15
Let y(q) = -q**2 + 7*q - 2. Let s be y(8). Let